. List the prime factors of s.
2, 3
Let t = 17 - -6. Suppose g - 5*f = t - 6, 4*g - 2*f + 4 = 0. Let i = g + 13. List the prime factors of i.
2, 5
Let n(k) = k**2 - 7*k. List the prime factors of n(8).
2
Suppose -4*o = -2*s + 258, 4*o - 31 = -s + 98. What are the prime factors of s?
3, 43
Suppose 301 = 6*s - 317. Suppose 0 = 3*i - 4*q - s, 4*i - 173 = -5*q + 16. List the prime factors of i.
41
Suppose 2*q = -5*c + 69, 5*q + 0*c - 245 = 2*c. What are the prime factors of q?
47
What are the prime factors of (-8)/10 + (-1017)/(-15)?
67
Let v(j) = -2*j**3 + 6*j**2 - j - 3. Let i be v(4). List the prime factors of i/(-5) - (-2)/10.
2
Let a(n) = n**3 + 8*n**2 + 8*n + 10. Let b be a(-7). Suppose p - 8 = b*p. What are the prime factors of p/10 - 52/(-5)?
2, 5
Let a(n) = n**3 - 6*n + 4. Let q be a(4). Suppose 0 = j - 5*m - q, 0*j = -2*j - 4*m + 46. List the prime factors of j.
29
Suppose -2*o + 4 + 0 = 0, 0 = -a - 5*o + 69. List the prime factors of a.
59
Let u = 3 - 1. Suppose -4*s - 8 = 3*m + 3, -u*s + 3*m = -17. List the prime factors of (4/(-6))/(s/(-3)).
2
Let b(t) = -2*t**3 + t**2 + 3*t + 2. Let s be b(-3). Let g = s - 15. What are the prime factors of g?
41
What are the prime factors of (6/4)/(9/246)?
41
Suppose -2*i + 0 = -4. Suppose 0 = -2*m + 3 + 5. Suppose -3*v - i = -m*v. List the prime factors of v.
2
Suppose -4*b = -9*b + 10. Suppose -b*o - 2*o + 10 = 2*k, 5*k + o - 16 = 0. List the prime factors of k.
3
Suppose 5*i + 273 = 4*f - 2, 5*f + 2*i - 385 = 0. What are the prime factors of f?
3, 5
What are the prime factors of 24/(-10)*(-910)/21?
2, 13
Let m(i) = -3*i**3 + 6*i**2 + 5*i - 1. Let a(v) = -v**3 + 1. Suppose 1 = 4*b + 5. Let z(g) = b*m(g) + 4*a(g). List the prime factors of z(-5).
5
Let g = 16 - 45. Let u = -27 - -10. Let x = u - g. What are the prime factors of x?
2, 3
Let q = 8 - -14. What are the prime factors of q?
2, 11
Let y be 4 + 0 + 38/1. Let x be 1*(5 + (-1)/1). Suppose x*a = y - 2. List the prime factors of a.
2, 5
Suppose -3*z = -4*l + z - 96, -2*l - 3*z - 28 = 0. Let k be ((-3)/(-6))/((-2)/l). Suppose d - k*p - 13 = 0, -2*p - 7 = -2*d + 11. List the prime factors of d.
2
Suppose 2*v = i - 31, 0*i - 66 = 3*v + 5*i. Let n = v + 28. List the prime factors of n.
11
List the prime factors of (-3)/5 + 299/65.
2
Suppose -4*k + 45 = 137. Let b = -5 - k. What are the prime factors of b?
2, 3
Suppose 0 = -3*t + y + 9, 14 = -4*t + 5*t - 4*y. Suppose -t*p = -4*p. Suppose 2*x + 27 = 3*s - x, p = -3*s - x + 27. List the prime factors of s.
3
Suppose 3*j = p + 164, -5*p - 184 = -3*j - 0*p. List the prime factors of j.
53
Let d(x) = x - 8. Let u be d(9). What are the prime factors of u*((4 - -1) + 1)?
2, 3
Let w = -78 + 229. List the prime factors of w.
151
Let t be 304/(-24)*3/(-2). Let f = -1 + t. List the prime factors of f.
2, 3
Let u = -26 - -14. What are the prime factors of (4/8)/((-3)/u)?
2
Let q = -22 + 59. What are the prime factors of q?
37
Let k(t) = 7*t**2 - t**2 + t**3 - 4 + t - 2*t. Let q be (54/(-24))/((-6)/(-16)). List the prime factors of k(q).
2
Let m(d) = 5*d**2 + 11*d + 5. Let r(n) = 9*n**2 + 21*n + 10. Let a(g) = 7*m(g) - 4*r(g). Let j be a(-6). List the prime factors of (0 - j)/((-2)/4).
2
Let u = 290 + -126. List the prime factors of u.
2, 41
Let t(d) = 8*d - 1. Let u(o) = -17*o + 2. Let c(k) = -14*t(k) - 6*u(k). What are the prime factors of c(-2)?
2, 11
Suppose 4*i = 4*t - 140, -t - 4*t - i + 157 = 0. What are the prime factors of t?
2
Let r = 19 + 11. List the prime factors of r.
2, 3, 5
Let q(s) = s**3 - 5*s**2 + 6*s + 6. List the prime factors of q(5).
2, 3
Let p(j) = j**2 - 3*j. Let o = -5 - -9. List the prime factors of p(o).
2
Let s = -212 - -513. List the prime factors of s.
7, 43
Suppose 9 = -2*m + m. Let n = -5 - m. What are the prime factors of n?
2
Let b = 19 + -12. List the prime factors of (-2)/b + (-268)/(-7).
2, 19
Let o be (0 + 1)/((-2)/(-8)). Suppose 7*c - o*c = 21. What are the prime factors of c?
7
Suppose -u = -5*u + 32. Suppose -b = -2*q - u, b = 3*q - 0*q + 12. What are the prime factors of (1 - b) + 2 + 6?
3
Let g be 4 - ((-4)/(-2) + 0). Suppose g*t = -0*t. Let h = 8 + t. What are the prime factors of h?
2
Let k(q) = -q + 13. Suppose 0*w + 3*z - 8 = w, -3*z - 4 = -4*w. Let s be 1*2 + (2 - w). What are the prime factors of k(s)?
13
Let t = 89 + -20. List the prime factors of t.
3, 23
Let m(b) = b**2 - 7*b. Let g be m(6). Let x = g + 5. What are the prime factors of 5*4/(-5)*x?
2
List the prime factors of 570/6 + 2 + 0 + 1.
2, 7
What are the prime factors of 19455/105 - (-4)/(-14)?
5, 37
List the prime factors of 122/(-3)*9/(-6).
61
Let x(b) = -2*b**3 - 2*b**2 - 5*b - 1. List the prime factors of x(-4).
5, 23
What are the prime factors of 7/21*(-246)/(-2)?
41
Let x be ((-1)/3)/((-2)/18). Suppose -x*p - 2*p - 135 = 0. Let o = p + 38. What are the prime factors of o?
11
Suppose 4*w + 3*f - 2 = 17, f - 1 = 0. Suppose -b = -4*t + 13, 3 + 4 = -w*t - 3*b. What are the prime factors of ((-6)/15)/(t/(-60))?
2, 3
Let v = -34 + 2. What are the prime factors of ((-21)/(-4))/((-6)/v)?
2, 7
What are the prime factors of 6*(-1)/(6/(-8))?
2
Let x = 7 + -4. Suppose -90 - 9 = -x*d. List the prime factors of (-3)/12 - d/(-4).
2
Let w be (10/15)/((-2)/(-6)). Let b be 2 - w - -12 - 1. Let r = 18 - b. List the prime factors of r.
7
Let v = 32 - 45. Let b(c) = -c**3 - 13*c**2 - 6*c - 17. What are the prime factors of b(v)?
61
Suppose -u + 2*a + 11 = -12, 0 = -5*a - 10. List the prime factors of u.
19
Let p(y) = y**2 + 6*y - 35. What are the prime factors of p(6)?
37
Suppose -2*b + 188 - 3 = 5*z, 5*b + 111 = 3*z. Suppose -y - z = -3*c + 10, 2*c + 5*y = 3. Let r = c + -4. List the prime factors of r.
2, 5
Suppose n + n - 24 = 0. Suppose -4*p = -6*p + n. List the prime factors of p.
2, 3
Let c(x) = -x**3 - 8*x**2 - x + 10. What are the prime factors of c(-8)?
2, 3
Suppose -5*d - 5*i - 45 = 0, 4*d + 5*i + 14 + 18 = 0. Let m = -4 - d. Let n = m - -2. What are the prime factors of n?
11
Suppose -2 = 2*n + b, 4*n + 5*b = 4*b. Let k(s) = 2*s**3 + s - 1. Let o be k(n). Suppose o*y = -2*y + 28. List the prime factors of y.
7
Let r = 6 - 16. Let l be (-6)/r - (-68)/20. List the prime factors of 29/l + (-12)/(-16).
2
Let t(a) = -a**3 + 3*a - 8 - a**3 + 3*a**3 + 9*a**2. What are the prime factors of t(-8)?
2
Suppose -108 + 38 = -3*p - 4*m, 0 = -p + 4*m + 34. What are the prime factors of p?
2, 13
Suppose 4*o + a + 18 = 0, 4 + 0 = -3*o + 4*a. What are the prime factors of o/(-6) - (-79)/3?
3
Suppose 0 = -2*q - 2*u + 174, -5*u + 174 = 2*q - 9. What are the prime factors of q?
2, 3, 7
Let w = 50 - 19. List the prime factors of w.
31
Let s = -18 - -32. Let h = -2 + s. List the prime factors of h.
2, 3
Let o be (3 - 1)*(-6)/(-4). Let b(q) = q + 2 - q**o - 12*q**2 + 4*q + 7*q**2. What are the prime factors of b(-6)?
2
Let i(w) = -w**2 - 5*w + 3. Let j be i(-5). Suppose 5*l = -j*k + 20, 4*l - 12 = l + 5*k. What are the prime factors of l?
2
Let c(x) = x**3 - 10*x**2 + 5*x + 3. What are the prime factors of c(10)?
53
Let m(u) = -u**3 - 7*u**2 + 10*u + 10. Let r be m(-8). Let p be 4/r*(3 - 6). Let i = p + 11. List the prime factors of i.
13
Let o(h) = -h**2 - 7*h - 8. What are the prime factors of o(-5)?
2
Let q = -42 - -82. List the prime factors of q.
2, 5
Let g(n) = -8*n - 33. What are the prime factors of g(-8)?
31
Let d(j) = -j**3 + j. Let k be d(1). What are the prime factors of k + 36 - 8/(-4)?
2, 19
Let w(k) = k**3 + 4*k**2 - 4*k + 2. Let f be 4/(1 + 1) + -7. Let t be w(f). What are the prime factors of ((-5)/(-3))/(t/(-9))?
5
Let d(r) = 11*r**2 + 2*r + 4. Let k(j) = 66*j**2 + 11*j + 23. Let f(b) = -34*d(b) + 6*k(b). What are the prime factors of f(1)?
2, 11
List the prime factors of 6/(-21) + (-102)/(-14).
7
Let p = 0 + -8. Let w = p - -13. Suppose 3*c - w*z + z - 65 = 0, -2*z = -4*c + 70. List the prime factors of c.
3, 5
Suppose 0*p - 3*p + 15 = 5*t, 0 = -t + 3*p + 3. Let y(k) = -k**3 - 6*k**2 - 7*k - 1. Let m be y(-5). Suppose m + 6 = t*x. What are the prime factors of x?
5
Suppose 0*d - c = 3*d - 299, 4*d - 4*c - 404 = 0. Suppose d = 4*r - 40. What are the prime factors of r?
5, 7
Let p be ((-9)/(-18))/((-2)/(-16)). Suppose 2*n + p*c = 60, -128 = -5*n - 0*c + c. List the prime factors of n.
2, 13
Let u = 44 + -11. L